e the greatest common divisor of 11232 and 12.
12
Calculate the greatest common factor of 213 and 16685.
71
Calculate the greatest common factor of 16760 and 40.
40
Calculate the greatest common factor of 110 and 1910.
10
Calculate the highest common factor of 10956 and 36.
12
What is the greatest common divisor of 1000 and 120?
40
What is the highest common factor of 14718 and 446?
446
Calculate the greatest common factor of 1089 and 495.
99
What is the highest common factor of 1155 and 910?
35
What is the highest common factor of 20 and 790?
10
What is the greatest common divisor of 2184 and 294?
42
Calculate the greatest common divisor of 189 and 2016.
63
Calculate the greatest common factor of 59874 and 51.
51
Calculate the highest common factor of 336 and 6300.
84
Calculate the highest common divisor of 75 and 700.
25
Calculate the greatest common divisor of 21 and 119.
7
What is the highest common divisor of 147 and 3?
3
Calculate the greatest common factor of 999 and 27.
27
What is the greatest common factor of 23330 and 10?
10
Calculate the highest common divisor of 43 and 1161.
43
What is the highest common divisor of 14112 and 16?
16
Calculate the highest common divisor of 42 and 19362.
42
What is the greatest common factor of 740 and 30?
10
Calculate the highest common factor of 110 and 33.
11
Calculate the greatest common factor of 38 and 323.
19
What is the greatest common factor of 37011 and 73?
73
What is the greatest common divisor of 2828 and 28?
28
Calculate the highest common factor of 144 and 162.
18
What is the greatest common divisor of 6153 and 21?
21
Calculate the greatest common divisor of 154 and 176.
22
What is the highest common factor of 24 and 424?
8
Calculate the greatest common divisor of 248 and 279.
31
What is the greatest common divisor of 660 and 4125?
165
Calculate the greatest common factor of 372 and 60.
12
What is the greatest common factor of 488 and 1342?
122
What is the highest common divisor of 18 and 1098?
18
What is the greatest common divisor of 324 and 2628?
36
What is the highest common factor of 930 and 30?
30
What is the highest common factor of 286 and 117?
13
Calculate the highest common factor of 532 and 308.
28
What is the highest common divisor of 1742 and 468?
26
Calculate the greatest common divisor of 736 and 10120.
184
What is the greatest common factor of 72 and 528?
24
Calculate the highest common divisor of 44 and 7172.
44
What is the highest common factor of 18 and 164124?
18
Calculate the highest common factor of 7 and 63.
7
What is the greatest common divisor of 620 and 60?
20
Calculate the greatest common divisor of 594 and 3168.
198
What is the highest common divisor of 9315 and 230?
115
Calculate the greatest common divisor of 3632 and 80.
16
What is the greatest common factor of 775 and 225?
25
Calculate the greatest common factor of 73 and 1241.
73
What is the greatest common factor of 324 and 4?
4
What is the greatest common factor of 375 and 75?
75
What is the greatest common divisor of 5 and 53?
1
What is the highest common divisor of 704 and 11?
11
Calculate the greatest common divisor of 14660 and 20.
20
What is the greatest common factor of 2 and 3742?
2
What is the greatest common factor of 196 and 28?
28
What is the greatest common divisor of 30 and 3240?
30
What is the greatest common factor of 308 and 2684?
44
Calculate the greatest common factor of 1071 and 315.
63
What is the greatest common factor of 1827 and 266?
7
What is the highest common divisor of 1798 and 58?
58
Calculate the greatest common factor of 4343 and 43.
43
What is the highest common divisor of 44 and 12?
4
Calculate the highest common factor of 40 and 70.
10
What is the greatest common factor of 174 and 9483?
87
Calculate the greatest common factor of 66682 and 154.
154
Calculate the highest common divisor of 3276 and 189.
63
What is the highest common divisor of 2449 and 632?
79
What is the highest common factor of 5880 and 80?
40
Calculate the highest common factor of 849 and 3.
3
Calculate the highest common divisor of 975 and 39.
39
Calculate the greatest common factor of 6591 and 39.
39
Calculate the highest common factor of 1 and 361.
1
What is the highest common divisor of 6993 and 756?
189
What is the highest common factor of 6 and 7674?
6
What is the greatest common factor of 6 and 922?
2
What is the greatest common divisor of 48243 and 39?
39
Calculate the greatest common factor of 7153 and 4976.
311
Calculate the greatest common divisor of 6 and 978.
6
Calculate the highest common factor of 6 and 231.
3
Calculate the highest common divisor of 1903 and 6228.
173
What is the highest common factor of 368 and 460?
92
Calculate the greatest common factor of 1100 and 1.
1
Calculate the greatest common factor of 12 and 10.
2
Calculate the highest common factor of 224 and 16744.
56
Calculate the greatest common factor of 16 and 16.
16
What is the highest common factor of 432 and 3267?
27
What is the highest common divisor of 1342 and 427?
61
Calculate the greatest common factor of 56408 and 44.
44
What is the highest common divisor of 297 and 459?
27
What is the highest common divisor of 7625 and 61?
61
Calculate the greatest common divisor of 162 and 81.
81
What is the highest common factor of 336 and 12?
12
Calculate the highest common factor of 799 and 235.
47
Calculate the greatest common factor of 540 and 120.
60
What is the greatest common factor of 1 and 191?
1
Calculate the greatest common factor of 26 and 7618.
26
What is the highest common divisor of 1470 and 150?
30
What is the greatest common factor of 662 and 12?
2
Calculate the greatest common factor of 144 and 99.
9
What is the greatest common divisor of 224 and 4384?
32
Calculate the highest common divisor of 550 and 50.
50
Calculate the highest common factor of 64 and 704.
64
What is the highest common divisor of 77 and 2464?
77
What is the highest common factor of 6 and 192?
6
Calculate the highest common divisor of 36 and 24.
12
Calculate the highest common divisor of 20456 and 8.
8
What is the greatest common factor of 112 and 182?
14
Calculate the greatest common factor of 684 and 72.
36
What is the greatest common factor of 5149 and 19?
19
What is the greatest common factor of 12 and 228?
12
Calculate the greatest common divisor of 76 and 513.
19
What is the greatest common divisor of 147 and 3?
3
Calculate the greatest common factor of 22 and 1408.
22
Calculate the highest common factor of 152 and 532.
76
Calculate the highest common divisor of 935 and 17.
17
What is the greatest common factor of 12 and 300?
12
Calculate the highest common factor of 184 and 299.
23
Calculate the highest common divisor of 368 and 80.
16
Calculate the highest common divisor of 325 and 4368.
13
Calculate the highest common divisor of 9126 and 3718.
338
Calculate the highest common factor of 95 and 38.
19
What is the highest common divisor of 29 and 3?
1
What is the greatest common divisor of 186 and 930?
186
What is the highest common factor of 112 and 1584?
16
What is the highest common divisor of 232 and 1276?
116
What is the greatest common divisor of 2337 and 171?
57
Calculate the greatest common divisor of 240 and 165.
15
What is the greatest common divisor of 910 and 20?
10
Calculate the greatest common divisor of 656 and 41.
41
What is the highest common factor of 14 and 455?
7
Calculate the highest common factor of 200 and 120.
40
Calculate the highest common divisor of 30723 and 98.
49
What is the greatest common factor of 2159 and 17?
17
What is the greatest common factor of 592 and 80?
16
Calculate the highest common divisor of 14 and 3752.
14
Calculate the greatest common factor of 68586 and 69.
69
What is the highest common divisor of 243 and 2?
1
Calculate the highest common divisor of 10 and 130.
10
What is the highest common factor of 384 and 232?
8
Calculate the highest common divisor of 918 and 272.
34
Calculate the greatest common factor of 4 and 28.
4
What is the highest common divisor of 789 and 3?
3
What is the highest common divisor of 592 and 74?
74
Calculate the greatest common divisor of 7 and 427.
7
Calculate the highest common factor of 150 and 175.
25
Calculate the greatest common divisor of 312 and 152.